125847?
3, 59, 79
What are the prime factors of 19?
19
What are the prime factors of 3958?
2, 1979
What are the prime factors of 47232?
2, 3, 41
List the prime factors of 20534.
2, 10267
What are the prime factors of 20069?
7, 47, 61
What are the prime factors of 186?
2, 3, 31
What are the prime factors of 444?
2, 3, 37
What are the prime factors of 2156?
2, 7, 11
List the prime factors of 22461.
3, 7487
List the prime factors of 1800.
2, 3, 5
What are the prime factors of 4747?
47, 101
What are the prime factors of 5781?
3, 41, 47
What are the prime factors of 71936?
2, 281
List the prime factors of 33865.
5, 13, 521
List the prime factors of 1001.
7, 11, 13
What are the prime factors of 3100?
2, 5, 31
What are the prime factors of 2915?
5, 11, 53
What are the prime factors of 14315?
5, 7, 409
What are the prime factors of 79083?
3, 29, 101
List the prime factors of 7191.
3, 17, 47
List the prime factors of 573.
3, 191
List the prime factors of 3832.
2, 479
What are the prime factors of 2594?
2, 1297
What are the prime factors of 3778?
2, 1889
What are the prime factors of 336?
2, 3, 7
What are the prime factors of 4657?
4657
List the prime factors of 39970.
2, 5, 7, 571
What are the prime factors of 25613?
7, 3659
List the prime factors of 6370.
2, 5, 7, 13
What are the prime factors of 1590?
2, 3, 5, 53
List the prime factors of 1975.
5, 79
What are the prime factors of 1338?
2, 3, 223
What are the prime factors of 1825?
5, 73
List the prime factors of 26325.
3, 5, 13
List the prime factors of 12085.
5, 2417
What are the prime factors of 91?
7, 13
What are the prime factors of 67888?
2, 4243
What are the prime factors of 41252?
2, 10313
List the prime factors of 940.
2, 5, 47
What are the prime factors of 52777?
89, 593
List the prime factors of 89698.
2, 7, 43, 149
What are the prime factors of 37926?
2, 3, 7, 43
What are the prime factors of 390?
2, 3, 5, 13
What are the prime factors of 2542?
2, 31, 41
List the prime factors of 260.
2, 5, 13
What are the prime factors of 74238?
2, 3, 12373
What are the prime factors of 2430?
2, 3, 5
What are the prime factors of 19886?
2, 61, 163
List the prime factors of 51808.
2, 1619
List the prime factors of 429.
3, 11, 13
What are the prime factors of 7602?
2, 3, 7, 181
What are the prime factors of 4193?
7, 599
What are the prime factors of 4059?
3, 11, 41
List the prime factors of 36359.
103, 353
What are the prime factors of 866?
2, 433
What are the prime factors of 1031?
1031
What are the prime factors of 29596?
2, 7, 151
List the prime factors of 1696.
2, 53
List the prime factors of 4672.
2, 73
What are the prime factors of 1014?
2, 3, 13
List the prime factors of 26322.
2, 3, 41, 107
What are the prime factors of 7321?
7321
What are the prime factors of 32214?
2, 3, 7, 13, 59
What are the prime factors of 3373?
3373
What are the prime factors of 2214?
2, 3, 41
List the prime factors of 5363.
31, 173
List the prime factors of 19126.
2, 73, 131
List the prime factors of 6363.
3, 7, 101
What are the prime factors of 12816?
2, 3, 89
List the prime factors of 1352.
2, 13
What are the prime factors of 1412?
2, 353
What are the prime factors of 621?
3, 23
List the prime factors of 83637.
3, 9293
List the prime factors of 13172.
2, 37, 89
List the prime factors of 55793.
55793
What are the prime factors of 70998?
2, 3, 11833
List the prime factors of 528.
2, 3, 11
What are the prime factors of 11720?
2, 5, 293
What are the prime factors of 1053?
3, 13
What are the prime factors of 6315?
3, 5, 421
List the prime factors of 1086.
2, 3, 181
What are the prime factors of 173?
173
List the prime factors of 447.
3, 149
What are the prime factors of 18235?
5, 7, 521
List the prime factors of 33962.
2, 16981
What are the prime factors of 5347?
5347
What are the prime factors of 651?
3, 7, 31
What are the prime factors of 69517?
7, 9931
List the prime factors of 1269.
3, 47
What are the prime factors of 47428?
2, 71, 167
List the prime factors of 1226.
2, 613
What are the prime factors of 24?
2, 3
What are the prime factors of 5413?
5413
List the prime factors of 5938.
2, 2969
List the prime factors of 850.
2, 5, 17
List the prime factors of 74622.
2, 3, 12437
List the prime factors of 14199.
3, 4733
What are the prime factors of 27861?
3, 37, 251
List the prime factors of 389.
389
List the prime factors of 4518.
2, 3, 251
List the prime factors of 6135.
3, 5, 409
List the prime factors of 59182.
2, 127, 233
What are the prime factors of 6626?
2, 3313
List the prime factors of 90924.
2, 3, 7577
List the prime factors of 158349.
3, 52783
What are the prime factors of 33673?
151, 223
List the prime factors of 1375.
5, 11
List the prime factors of 446.
2, 223
List the prime factors of 8036.
2, 7, 41
What are the prime factors of 13664?
2, 7, 61
List the prime factors of 2270.
2, 5, 227
What are the prime factors of 1235?
5, 13, 19
List the prime factors of 889.
7, 127
What are the prime factors of 13472?
2, 421
What are the prime factors of 2661?
3, 887
What are the prime factors of 4610?
2, 5, 461
List the prime factors of 26199.
3, 41, 71
What are the prime factors of 31040?
2, 5, 97
What are the prime factors of 1195?
5, 239
List the prime factors of 288.
2, 3
List the prime factors of 12933.
3, 479
List the prime factors of 327.
3, 109
What are the prime factors of 21597?
3, 23, 313
What are the prime factors of 17772?
2, 3, 1481
What are the prime factors of 101102?
2, 50551
List the prime factors of 84891.
3, 28297
What are the prime factors of 16437?
3, 5479
What are the prime factors of 503?
503
List the prime factors of 76896.
2, 3, 89
List the prime factors of 2103.
3, 701
What are the prime factors of 1009?
1009
What are the prime factors of 26392?
2, 3299
What are the prime factors of 3381?
3, 7, 23
What are the prime factors of 39235?
5, 7, 19, 59
What are the prime factors of 545?
5, 109
List the prime factors of 10013.
17, 19, 31
What are the prime factors of 1880?
2, 5, 47
What are the prime factors of 699?
3, 233
What are the prime factors of 131559?
3, 43853
What are the prime factors of 2022?
2, 3, 337
List the prime factors of 1178.
2, 19, 31
List the prime factors of 1395.
3, 5, 31
List the prime factors of 2426.
2, 1213
What are the prime factors of 349?
349
What are the prime factors of 3153?
3, 1051
List the prime factors of 69738.
2, 3, 59, 197
List the prime factors of 90761.
11, 37, 223
List the prime factors of 16258.
2, 11, 739
List the prime factors of 339.
3, 113
What are the prime factors of 859?
859
List the prime factors of 2975.
5, 7, 17
What are the prime factors of 72054?
2, 3, 4003
What are the prime factors of 17882?
2, 8941
List the prime factors of 971.
971
What are the prime factors of 17216?
2, 269
What are the prime factors of 27883?
27883
List the prime factors of 75368.
2, 9421
What are the prime factors of 2405?
5, 13, 37
What are the prime factors of 7781?
31, 251
What are the prime factors of 2885?
5, 577
What are the prime factors of 3109?
3109
List the prime factors of 1604.
2, 401
List the prime factors of 67698.
2, 3, 3761
List the prime factors of 6857.
6857
List the prime factors of 3346.
2, 7, 239
List the prime factors of 656.
2, 41
What are the prime factors of 2280?
2, 3, 5, 19
List the prime factors of 879.
3, 293
List the prime factors of 1517.
37, 41
List the prime factors of 108965.
5, 19, 31, 37
What are the prime factors of 34534?
2, 31, 557
What are the prime factors of 18686?
2, 9343
What are the prime factors of 300?
2, 3, 5
List the prime factors of 1037.
17, 61
List the prime factors of 553.
7, 79
What are the prime factors of 77356?
2, 83, 233
What are the prime factors of 2603?
19, 137
What are the prime factors of 11578?
2, 7, 827
List the prime factors of 361.
19
List the prime factors of 6019.
13, 463
What are the prime factors of 9295?
5, 11, 13
What are the prime factors of 12540?
2, 3, 5, 11, 19
List the prime factors of 27927.
3, 29, 107
List the prime factors of 1382.
2, 691
List the prime factors of 1817.
23, 79
List the prime factors of 7193.
7193
What are the prime factors of 18247?
71, 257
What are the prime factors of 18732?
2, 3, 7, 223
What are the prime factors of 33717?
3, 11239
What are the prime factors of 8536?
2, 11